{"id":487,"date":"2020-07-01T17:54:57","date_gmt":"2020-07-01T15:54:57","guid":{"rendered":"https:\/\/excursionscatalunya.com\/?page_id=487"},"modified":"2026-03-03T02:42:43","modified_gmt":"2026-03-03T01:42:43","slug":"nosaltres-guies-de-muntanya","status":"publish","type":"page","link":"https:\/\/excursionscatalunya.com\/index.php\/ca\/nosaltres-guies-de-muntanya\/","title":{"rendered":"nosaltres"},"content":{"rendered":"\t\t<div data-elementor-type=\"wp-page\" data-elementor-id=\"487\" class=\"elementor elementor-487\">\n\t\t\t\t\t\t<section class=\"elementor-section elementor-top-section elementor-element elementor-element-5131a13e elementor-section-boxed elementor-section-height-default elementor-section-height-default\" data-id=\"5131a13e\" data-element_type=\"section\" data-e-type=\"section\" data-settings=\"{&quot;background_background&quot;:&quot;classic&quot;}\">\n\t\t\t\t\t\t\t<div class=\"elementor-background-overlay\"><\/div>\n\t\t\t\t\t\t\t<div class=\"elementor-container elementor-column-gap-default\">\n\t\t\t\t\t<div class=\"elementor-column elementor-col-100 elementor-top-column elementor-element elementor-element-1053ca7a\" data-id=\"1053ca7a\" data-element_type=\"column\" data-e-type=\"column\">\n\t\t\t<div class=\"elementor-widget-wrap elementor-element-populated\">\n\t\t\t\t\t\t<div class=\"elementor-element elementor-element-3d99e122 elementor-widget-mobile__width-initial elementor-widget elementor-widget-heading\" data-id=\"3d99e122\" data-element_type=\"widget\" data-e-type=\"widget\" data-widget_type=\"heading.default\">\n\t\t\t\t<div class=\"elementor-widget-container\">\n\t\t\t\t\t<h1 class=\"elementor-heading-title elementor-size-default\"> Nosaltres<\/h1>\t\t\t\t<\/div>\n\t\t\t\t<\/div>\n\t\t\t\t\t<\/div>\n\t\t<\/div>\n\t\t\t\t\t<\/div>\n\t\t<\/section>\n\t\t\t\t<section class=\"elementor-section elementor-top-section elementor-element elementor-element-40177ae0 elementor-section-boxed elementor-section-height-default elementor-section-height-default\" data-id=\"40177ae0\" data-element_type=\"section\" data-e-type=\"section\">\n\t\t\t\t\t\t<div class=\"elementor-container elementor-column-gap-no\">\n\t\t\t\t\t<div class=\"elementor-column elementor-col-50 elementor-top-column elementor-element elementor-element-2828f573\" data-id=\"2828f573\" data-element_type=\"column\" data-e-type=\"column\">\n\t\t\t<div class=\"elementor-widget-wrap elementor-element-populated\">\n\t\t\t\t\t\t<div class=\"elementor-element elementor-element-68afc23b elementor-widget elementor-widget-heading\" data-id=\"68afc23b\" data-element_type=\"widget\" data-e-type=\"widget\" data-widget_type=\"heading.default\">\n\t\t\t\t<div class=\"elementor-widget-container\">\n\t\t\t\t\t<h2 class=\"elementor-heading-title elementor-size-default\">Som Excursions Catalunya<\/h2>\t\t\t\t<\/div>\n\t\t\t\t<\/div>\n\t\t\t\t\t<\/div>\n\t\t<\/div>\n\t\t\t\t<div class=\"elementor-column elementor-col-50 elementor-top-column elementor-element elementor-element-48096891\" data-id=\"48096891\" data-element_type=\"column\" data-e-type=\"column\">\n\t\t\t<div class=\"elementor-widget-wrap elementor-element-populated\">\n\t\t\t\t\t\t<div class=\"elementor-element elementor-element-2a3b4e0 elementor-widget__width-auto elementor-widget elementor-widget-image\" data-id=\"2a3b4e0\" data-element_type=\"widget\" data-e-type=\"widget\" data-widget_type=\"image.default\">\n\t\t\t\t<div class=\"elementor-widget-container\">\n\t\t\t\t\t\t\t\t\t\t\t\t\t\t\t<img fetchpriority=\"high\" decoding=\"async\" width=\"1920\" height=\"1920\" src=\"https:\/\/excursionscatalunya.com\/wp-content\/uploads\/2020\/11\/inCollage_20201116_223640354.jpg\" class=\"attachment-full size-full wp-image-1290\" alt=\"\" srcset=\"https:\/\/excursionscatalunya.com\/wp-content\/uploads\/2020\/11\/inCollage_20201116_223640354.jpg 1920w, https:\/\/excursionscatalunya.com\/wp-content\/uploads\/2020\/11\/inCollage_20201116_223640354-300x300.jpg 300w, https:\/\/excursionscatalunya.com\/wp-content\/uploads\/2020\/11\/inCollage_20201116_223640354-1024x1024.jpg 1024w, https:\/\/excursionscatalunya.com\/wp-content\/uploads\/2020\/11\/inCollage_20201116_223640354-150x150.jpg 150w, https:\/\/excursionscatalunya.com\/wp-content\/uploads\/2020\/11\/inCollage_20201116_223640354-768x768.jpg 768w, https:\/\/excursionscatalunya.com\/wp-content\/uploads\/2020\/11\/inCollage_20201116_223640354-1536x1536.jpg 1536w\" sizes=\"(max-width: 1920px) 100vw, 1920px\" \/>\t\t\t\t\t\t\t\t\t\t\t\t\t\t\t<\/div>\n\t\t\t\t<\/div>\n\t\t\t\t<div class=\"elementor-element elementor-element-efab741 elementor-widget elementor-widget-spacer\" data-id=\"efab741\" data-element_type=\"widget\" data-e-type=\"widget\" data-widget_type=\"spacer.default\">\n\t\t\t\t<div class=\"elementor-widget-container\">\n\t\t\t\t\t\t\t<div class=\"elementor-spacer\">\n\t\t\t<div class=\"elementor-spacer-inner\"><\/div>\n\t\t<\/div>\n\t\t\t\t\t\t<\/div>\n\t\t\t\t<\/div>\n\t\t\t\t<div class=\"elementor-element elementor-element-44ce5982 elementor-widget elementor-widget-text-editor\" data-id=\"44ce5982\" data-element_type=\"widget\" data-e-type=\"widget\" data-widget_type=\"text-editor.default\">\n\t\t\t\t<div class=\"elementor-widget-container\">\n\t\t\t\t\t\t\t\t\t<p>Excursions Catalunya \u00e9s una ag\u00e8ncia de guies de muntanya i coordinadors de viatges d&#8217;aventura.<\/p><p>Ajudem a les persones a sortir de la seva zona de confort i aconseguir que visquin experi\u00e8ncies a la natura, combinant diferents activitats a l&#8217;aire lliure, perqu\u00e8 ho passin en gran!<\/p>\t\t\t\t\t\t\t\t<\/div>\n\t\t\t\t<\/div>\n\t\t\t\t<div class=\"elementor-element elementor-element-e56ab06 elementor-widget elementor-widget-text-editor\" data-id=\"e56ab06\" data-element_type=\"widget\" data-e-type=\"widget\" data-widget_type=\"text-editor.default\">\n\t\t\t\t<div class=\"elementor-widget-container\">\n\t\t\t\t\t\t\t\t\t<p>Som uns apasionats de la natura, la muntanya, l&#8217;aventura i els viatges.<\/p><p>El nostre objectiu \u00e9s acompanyar-te amb les nostres rutes guiades i viatges, i que tansols et preocupis de passar-ho b\u00e9.<\/p><p>Gestionem la seguretat i treballem pel benestar del grup, preparant i estudiant la log\u00edstica de la ruta o viatge amb anterioritat.<\/p><p>Som Guies Acreditats del Parc Natural de l&#8217;Alt Pirineu i del Cad\u00ed-Moixer\u00f3.<\/p><p>Si vols contactar amb nosaltres ves a\u00a0<a href=\"https:\/\/excursionscatalunya.com\/index.php\/ca\/contacte\/\" target=\"_blank\" rel=\"noopener\">AQU\u00cd<\/a>.<\/p>\t\t\t\t\t\t\t\t<\/div>\n\t\t\t\t<\/div>\n\t\t\t\t<div class=\"elementor-element elementor-element-4ec76f84 elementor-widget elementor-widget-heading\" data-id=\"4ec76f84\" data-element_type=\"widget\" data-e-type=\"widget\" data-widget_type=\"heading.default\">\n\t\t\t\t<div class=\"elementor-widget-container\">\n\t\t\t\t\t<h3 class=\"elementor-heading-title elementor-size-medium\">David, Josep &amp; Frank<\/h3>\t\t\t\t<\/div>\n\t\t\t\t<\/div>\n\t\t\t\t\t<\/div>\n\t\t<\/div>\n\t\t\t\t\t<\/div>\n\t\t<\/section>\n\t\t\t\t<section class=\"elementor-section elementor-top-section elementor-element elementor-element-88095be elementor-section-boxed elementor-section-height-default elementor-section-height-default\" data-id=\"88095be\" data-element_type=\"section\" data-e-type=\"section\" data-settings=\"{&quot;background_background&quot;:&quot;classic&quot;}\">\n\t\t\t\t\t\t<div class=\"elementor-container elementor-column-gap-no\">\n\t\t\t\t\t<div class=\"elementor-column elementor-col-33 elementor-top-column elementor-element elementor-element-b59566c\" data-id=\"b59566c\" data-element_type=\"column\" data-e-type=\"column\">\n\t\t\t<div class=\"elementor-widget-wrap elementor-element-populated\">\n\t\t\t\t\t\t<div class=\"elementor-element elementor-element-08f8146 elementor-widget elementor-widget-heading\" data-id=\"08f8146\" data-element_type=\"widget\" data-e-type=\"widget\" data-widget_type=\"heading.default\">\n\t\t\t\t<div class=\"elementor-widget-container\">\n\t\t\t\t\t<h2 class=\"elementor-heading-title elementor-size-default\">Objectiu<\/h2>\t\t\t\t<\/div>\n\t\t\t\t<\/div>\n\t\t\t\t<div class=\"elementor-element elementor-element-22d806f elementor-widget elementor-widget-text-editor\" data-id=\"22d806f\" data-element_type=\"widget\" data-e-type=\"widget\" data-widget_type=\"text-editor.default\">\n\t\t\t\t<div class=\"elementor-widget-container\">\n\t\t\t\t\t\t\t\t\t<p>Que disfrutis de les activitats a la natura de la m\u00e0 dels nostres guies de muntanya i en companyia de persones que aprec\u00eden la natura i l&#8217;aventura com tu.<\/p>\t\t\t\t\t\t\t\t<\/div>\n\t\t\t\t<\/div>\n\t\t\t\t\t<\/div>\n\t\t<\/div>\n\t\t\t\t<div class=\"elementor-column elementor-col-33 elementor-top-column elementor-element elementor-element-bca9a20\" data-id=\"bca9a20\" data-element_type=\"column\" data-e-type=\"column\">\n\t\t\t<div class=\"elementor-widget-wrap elementor-element-populated\">\n\t\t\t\t\t\t<div class=\"elementor-element elementor-element-aa773a3 elementor-widget elementor-widget-heading\" data-id=\"aa773a3\" data-element_type=\"widget\" data-e-type=\"widget\" data-widget_type=\"heading.default\">\n\t\t\t\t<div class=\"elementor-widget-container\">\n\t\t\t\t\t<h2 class=\"elementor-heading-title elementor-size-default\">Visi\u00f3<\/h2>\t\t\t\t<\/div>\n\t\t\t\t<\/div>\n\t\t\t\t<div class=\"elementor-element elementor-element-ccbd346 elementor-widget elementor-widget-text-editor\" data-id=\"ccbd346\" data-element_type=\"widget\" data-e-type=\"widget\" data-widget_type=\"text-editor.default\">\n\t\t\t\t<div class=\"elementor-widget-container\">\n\t\t\t\t\t\t\t\t\t<p>Crear una comunitat entusiasta de persones que gaudeixin de la muntanya, l&#8217;esport a l&#8217;aire lliure i que vulguin compartir aquests moments.<\/p>\t\t\t\t\t\t\t\t<\/div>\n\t\t\t\t<\/div>\n\t\t\t\t\t<\/div>\n\t\t<\/div>\n\t\t\t\t<div class=\"elementor-column elementor-col-33 elementor-top-column elementor-element elementor-element-6b0d72f\" data-id=\"6b0d72f\" data-element_type=\"column\" data-e-type=\"column\">\n\t\t\t<div class=\"elementor-widget-wrap elementor-element-populated\">\n\t\t\t\t\t\t<div class=\"elementor-element elementor-element-30cd69e elementor-widget elementor-widget-heading\" data-id=\"30cd69e\" data-element_type=\"widget\" data-e-type=\"widget\" data-widget_type=\"heading.default\">\n\t\t\t\t<div class=\"elementor-widget-container\">\n\t\t\t\t\t<h2 class=\"elementor-heading-title elementor-size-default\">Valors<\/h2>\t\t\t\t<\/div>\n\t\t\t\t<\/div>\n\t\t\t\t<div class=\"elementor-element elementor-element-9f92279 elementor-icon-list--layout-traditional elementor-list-item-link-full_width elementor-widget elementor-widget-icon-list\" data-id=\"9f92279\" data-element_type=\"widget\" data-e-type=\"widget\" data-widget_type=\"icon-list.default\">\n\t\t\t\t<div class=\"elementor-widget-container\">\n\t\t\t\t\t\t\t<ul class=\"elementor-icon-list-items\">\n\t\t\t\t\t\t\t<li class=\"elementor-icon-list-item\">\n\t\t\t\t\t\t\t\t\t\t\t<span class=\"elementor-icon-list-icon\">\n\t\t\t\t\t\t\t<i aria-hidden=\"true\" class=\"fas fa-check\"><\/i>\t\t\t\t\t\t<\/span>\n\t\t\t\t\t\t\t\t\t\t<span class=\"elementor-icon-list-text\">Gestionem el risc i per sobre de tot la seguretat del grup. Estudiem amb temps l'itinerari i les seves possibilitats.<\/span>\n\t\t\t\t\t\t\t\t\t<\/li>\n\t\t\t\t\t\t\t\t<li class=\"elementor-icon-list-item\">\n\t\t\t\t\t\t\t\t\t\t\t<span class=\"elementor-icon-list-icon\">\n\t\t\t\t\t\t\t<i aria-hidden=\"true\" class=\"fas fa-check\"><\/i>\t\t\t\t\t\t<\/span>\n\t\t\t\t\t\t\t\t\t\t<span class=\"elementor-icon-list-text\">Respecte al Medi Natural, al territori i a les persones que hi viuen.<\/span>\n\t\t\t\t\t\t\t\t\t<\/li>\n\t\t\t\t\t\t\t\t<li class=\"elementor-icon-list-item\">\n\t\t\t\t\t\t\t\t\t\t\t<span class=\"elementor-icon-list-icon\">\n\t\t\t\t\t\t\t<i aria-hidden=\"true\" class=\"fas fa-check\"><\/i>\t\t\t\t\t\t<\/span>\n\t\t\t\t\t\t\t\t\t\t<span class=\"elementor-icon-list-text\">Comprom\u00eds en ajudar al m\u00e1xim en la log\u00edstica i preparaci\u00f3 de la ruta. <\/span>\n\t\t\t\t\t\t\t\t\t<\/li>\n\t\t\t\t\t\t<\/ul>\n\t\t\t\t\t\t<\/div>\n\t\t\t\t<\/div>\n\t\t\t\t\t<\/div>\n\t\t<\/div>\n\t\t\t\t\t<\/div>\n\t\t<\/section>\n\t\t\t\t<section class=\"elementor-section elementor-top-section elementor-element elementor-element-bd3f06f elementor-section-boxed elementor-section-height-default elementor-section-height-default\" data-id=\"bd3f06f\" data-element_type=\"section\" data-e-type=\"section\">\n\t\t\t\t\t\t<div class=\"elementor-container elementor-column-gap-default\">\n\t\t\t\t\t<div class=\"elementor-column elementor-col-100 elementor-top-column elementor-element elementor-element-478febe\" data-id=\"478febe\" data-element_type=\"column\" data-e-type=\"column\">\n\t\t\t<div class=\"elementor-widget-wrap elementor-element-populated\">\n\t\t\t\t\t\t<div class=\"elementor-element elementor-element-cae6025 elementor-widget elementor-widget-spacer\" data-id=\"cae6025\" data-element_type=\"widget\" data-e-type=\"widget\" data-widget_type=\"spacer.default\">\n\t\t\t\t<div class=\"elementor-widget-container\">\n\t\t\t\t\t\t\t<div class=\"elementor-spacer\">\n\t\t\t<div class=\"elementor-spacer-inner\"><\/div>\n\t\t<\/div>\n\t\t\t\t\t\t<\/div>\n\t\t\t\t<\/div>\n\t\t\t\t\t<\/div>\n\t\t<\/div>\n\t\t\t\t\t<\/div>\n\t\t<\/section>\n\t\t\t\t<\/div>\n\t\t","protected":false},"excerpt":{"rendered":"<p>Nosaltres Som Excursions Catalunya Excursions Catalunya \u00e9s una ag\u00e8ncia de guies de muntanya i coordinadors de viatges d&#8217;aventura. Ajudem a les persones a sortir de la seva zona de confort i aconseguir que visquin experi\u00e8ncies a la natura, combinant diferents activitats a l&#8217;aire lliure, perqu\u00e8 ho passin en gran! Som uns apasionats de la natura, [&hellip;]<\/p>\n","protected":false},"author":1,"featured_media":0,"parent":0,"menu_order":0,"comment_status":"closed","ping_status":"closed","template":"","meta":{"site-sidebar-layout":"no-sidebar","site-content-layout":"page-builder","ast-site-content-layout":"default","site-content-style":"default","site-sidebar-style":"default","ast-global-header-display":"","ast-banner-title-visibility":"","ast-main-header-display":"","ast-hfb-above-header-display":"","ast-hfb-below-header-display":"","ast-hfb-mobile-header-display":"","site-post-title":"disabled","ast-breadcrumbs-content":"","ast-featured-img":"disabled","footer-sml-layout":"","ast-disable-related-posts":"","theme-transparent-header-meta":"enabled","adv-header-id-meta":"","stick-header-meta":"","header-above-stick-meta":"","header-main-stick-meta":"","header-below-stick-meta":"","astra-migrate-meta-layouts":"default","ast-page-background-enabled":"default","ast-page-background-meta":{"desktop":{"background-color":"var(--ast-global-color-4)","background-image":"","background-repeat":"repeat","background-position":"center center","background-size":"auto","background-attachment":"scroll","background-type":"","background-media":"","overlay-type":"","overlay-color":"","overlay-opacity":"","overlay-gradient":""},"tablet":{"background-color":"","background-image":"","background-repeat":"repeat","background-position":"center center","background-size":"auto","background-attachment":"scroll","background-type":"","background-media":"","overlay-type":"","overlay-color":"","overlay-opacity":"","overlay-gradient":""},"mobile":{"background-color":"","background-image":"","background-repeat":"repeat","background-position":"center center","background-size":"auto","background-attachment":"scroll","background-type":"","background-media":"","overlay-type":"","overlay-color":"","overlay-opacity":"","overlay-gradient":""}},"ast-content-background-meta":{"desktop":{"background-color":"var(--ast-global-color-5)","background-image":"","background-repeat":"repeat","background-position":"center center","background-size":"auto","background-attachment":"scroll","background-type":"","background-media":"","overlay-type":"","overlay-color":"","overlay-opacity":"","overlay-gradient":""},"tablet":{"background-color":"var(--ast-global-color-5)","background-image":"","background-repeat":"repeat","background-position":"center center","background-size":"auto","background-attachment":"scroll","background-type":"","background-media":"","overlay-type":"","overlay-color":"","overlay-opacity":"","overlay-gradient":""},"mobile":{"background-color":"var(--ast-global-color-5)","background-image":"","background-repeat":"repeat","background-position":"center center","background-size":"auto","background-attachment":"scroll","background-type":"","background-media":"","overlay-type":"","overlay-color":"","overlay-opacity":"","overlay-gradient":""}},"_joinchat":[],"footnotes":""},"class_list":["post-487","page","type-page","status-publish","hentry"],"yoast_head":"<!-- This site is optimized with the Yoast SEO plugin v27.0 - https:\/\/yoast.com\/product\/yoast-seo-wordpress\/ -->\n<title>Guies de Muntanya \/ \/ El Nostre Equip<\/title>\n<meta name=\"description\" content=\"Som Excursions Catalunya \/ Rutes amb Guies de Muntanya \/ Excursions al Pirineu \/ Sortides Naturalistes \/ Rutes BTT\/ Senderisme a la Cerdanya i Alt Pirineu\" \/>\n<meta name=\"robots\" content=\"index, follow, max-snippet:-1, max-image-preview:large, max-video-preview:-1\" \/>\n<link rel=\"canonical\" href=\"https:\/\/excursionscatalunya.com\/index.php\/ca\/nosaltres-guies-de-muntanya\/\" \/>\n<meta property=\"og:locale\" content=\"es_ES\" \/>\n<meta property=\"og:type\" content=\"article\" \/>\n<meta property=\"og:title\" content=\"Guies de Muntanya \/ \/ El Nostre Equip\" \/>\n<meta property=\"og:description\" content=\"Som Excursions Catalunya \/ Rutes amb Guies de Muntanya \/ Excursions al Pirineu \/ Sortides Naturalistes \/ Rutes BTT\/ Senderisme a la Cerdanya i Alt Pirineu\" \/>\n<meta property=\"og:url\" content=\"https:\/\/excursionscatalunya.com\/index.php\/ca\/nosaltres-guies-de-muntanya\/\" \/>\n<meta property=\"article:modified_time\" content=\"2026-03-03T01:42:43+00:00\" \/>\n<meta property=\"og:image\" content=\"https:\/\/excursionscatalunya.com\/wp-content\/uploads\/2020\/11\/inCollage_20201116_223640354.jpg\" \/>\n<meta name=\"twitter:card\" content=\"summary_large_image\" \/>\n<meta name=\"twitter:label1\" content=\"Tiempo de lectura\" \/>\n\t<meta name=\"twitter:data1\" content=\"1 minuto\" \/>\n<script type=\"application\/ld+json\" class=\"yoast-schema-graph\">{\"@context\":\"https:\/\/schema.org\",\"@graph\":[{\"@type\":\"WebPage\",\"@id\":\"https:\/\/excursionscatalunya.com\/index.php\/ca\/nosaltres-guies-de-muntanya\/\",\"url\":\"https:\/\/excursionscatalunya.com\/index.php\/ca\/nosaltres-guies-de-muntanya\/\",\"name\":\"Guies de Muntanya \/ \/ El Nostre Equip\",\"isPartOf\":{\"@id\":\"https:\/\/excursionscatalunya.com\/#website\"},\"primaryImageOfPage\":{\"@id\":\"https:\/\/excursionscatalunya.com\/index.php\/ca\/nosaltres-guies-de-muntanya\/#primaryimage\"},\"image\":{\"@id\":\"https:\/\/excursionscatalunya.com\/index.php\/ca\/nosaltres-guies-de-muntanya\/#primaryimage\"},\"thumbnailUrl\":\"https:\/\/excursionscatalunya.com\/wp-content\/uploads\/2020\/11\/inCollage_20201116_223640354.jpg\",\"datePublished\":\"2020-07-01T15:54:57+00:00\",\"dateModified\":\"2026-03-03T01:42:43+00:00\",\"description\":\"Som Excursions Catalunya \/ Rutes amb Guies de Muntanya \/ Excursions al Pirineu \/ Sortides Naturalistes \/ Rutes BTT\/ Senderisme a la Cerdanya i Alt Pirineu\",\"breadcrumb\":{\"@id\":\"https:\/\/excursionscatalunya.com\/index.php\/ca\/nosaltres-guies-de-muntanya\/#breadcrumb\"},\"inLanguage\":\"es\",\"potentialAction\":[{\"@type\":\"ReadAction\",\"target\":[\"https:\/\/excursionscatalunya.com\/index.php\/ca\/nosaltres-guies-de-muntanya\/\"]}]},{\"@type\":\"ImageObject\",\"inLanguage\":\"es\",\"@id\":\"https:\/\/excursionscatalunya.com\/index.php\/ca\/nosaltres-guies-de-muntanya\/#primaryimage\",\"url\":\"https:\/\/excursionscatalunya.com\/wp-content\/uploads\/2020\/11\/inCollage_20201116_223640354.jpg\",\"contentUrl\":\"https:\/\/excursionscatalunya.com\/wp-content\/uploads\/2020\/11\/inCollage_20201116_223640354.jpg\",\"width\":1920,\"height\":1920},{\"@type\":\"BreadcrumbList\",\"@id\":\"https:\/\/excursionscatalunya.com\/index.php\/ca\/nosaltres-guies-de-muntanya\/#breadcrumb\",\"itemListElement\":[{\"@type\":\"ListItem\",\"position\":1,\"name\":\"Portada\",\"item\":\"https:\/\/excursionscatalunya.com\/\"},{\"@type\":\"ListItem\",\"position\":2,\"name\":\"nosaltres\"}]},{\"@type\":\"WebSite\",\"@id\":\"https:\/\/excursionscatalunya.com\/#website\",\"url\":\"https:\/\/excursionscatalunya.com\/\",\"name\":\"Excursions Catalunya\",\"description\":\"Excursiones guiadas y tours en el medio natural\",\"publisher\":{\"@id\":\"https:\/\/excursionscatalunya.com\/#organization\"},\"potentialAction\":[{\"@type\":\"SearchAction\",\"target\":{\"@type\":\"EntryPoint\",\"urlTemplate\":\"https:\/\/excursionscatalunya.com\/?s={search_term_string}\"},\"query-input\":{\"@type\":\"PropertyValueSpecification\",\"valueRequired\":true,\"valueName\":\"search_term_string\"}}],\"inLanguage\":\"es\"},{\"@type\":\"Organization\",\"@id\":\"https:\/\/excursionscatalunya.com\/#organization\",\"name\":\"Excursions Catalunya\",\"url\":\"https:\/\/excursionscatalunya.com\/\",\"logo\":{\"@type\":\"ImageObject\",\"inLanguage\":\"es\",\"@id\":\"https:\/\/excursionscatalunya.com\/#\/schema\/logo\/image\/\",\"url\":\"https:\/\/excursionscatalunya.com\/wp-content\/uploads\/2020\/04\/Original.png\",\"contentUrl\":\"https:\/\/excursionscatalunya.com\/wp-content\/uploads\/2020\/04\/Original.png\",\"width\":7500,\"height\":7500,\"caption\":\"Excursions Catalunya\"},\"image\":{\"@id\":\"https:\/\/excursionscatalunya.com\/#\/schema\/logo\/image\/\"},\"sameAs\":[\"https:\/\/www.instagram.com\/excursionscatalunya.com\/\"]}]}<\/script>\n<!-- \/ Yoast SEO plugin. -->","yoast_head_json":{"title":"Guies de Muntanya \/ \/ El Nostre Equip","description":"Som Excursions Catalunya \/ Rutes amb Guies de Muntanya \/ Excursions al Pirineu \/ Sortides Naturalistes \/ Rutes BTT\/ Senderisme a la Cerdanya i Alt Pirineu","robots":{"index":"index","follow":"follow","max-snippet":"max-snippet:-1","max-image-preview":"max-image-preview:large","max-video-preview":"max-video-preview:-1"},"canonical":"https:\/\/excursionscatalunya.com\/index.php\/ca\/nosaltres-guies-de-muntanya\/","og_locale":"es_ES","og_type":"article","og_title":"Guies de Muntanya \/ \/ El Nostre Equip","og_description":"Som Excursions Catalunya \/ Rutes amb Guies de Muntanya \/ Excursions al Pirineu \/ Sortides Naturalistes \/ Rutes BTT\/ Senderisme a la Cerdanya i Alt Pirineu","og_url":"https:\/\/excursionscatalunya.com\/index.php\/ca\/nosaltres-guies-de-muntanya\/","article_modified_time":"2026-03-03T01:42:43+00:00","og_image":[{"url":"https:\/\/excursionscatalunya.com\/wp-content\/uploads\/2020\/11\/inCollage_20201116_223640354.jpg","type":"","width":"","height":""}],"twitter_card":"summary_large_image","twitter_misc":{"Tiempo de lectura":"1 minuto"},"schema":{"@context":"https:\/\/schema.org","@graph":[{"@type":"WebPage","@id":"https:\/\/excursionscatalunya.com\/index.php\/ca\/nosaltres-guies-de-muntanya\/","url":"https:\/\/excursionscatalunya.com\/index.php\/ca\/nosaltres-guies-de-muntanya\/","name":"Guies de Muntanya \/ \/ El Nostre Equip","isPartOf":{"@id":"https:\/\/excursionscatalunya.com\/#website"},"primaryImageOfPage":{"@id":"https:\/\/excursionscatalunya.com\/index.php\/ca\/nosaltres-guies-de-muntanya\/#primaryimage"},"image":{"@id":"https:\/\/excursionscatalunya.com\/index.php\/ca\/nosaltres-guies-de-muntanya\/#primaryimage"},"thumbnailUrl":"https:\/\/excursionscatalunya.com\/wp-content\/uploads\/2020\/11\/inCollage_20201116_223640354.jpg","datePublished":"2020-07-01T15:54:57+00:00","dateModified":"2026-03-03T01:42:43+00:00","description":"Som Excursions Catalunya \/ Rutes amb Guies de Muntanya \/ Excursions al Pirineu \/ Sortides Naturalistes \/ Rutes BTT\/ Senderisme a la Cerdanya i Alt Pirineu","breadcrumb":{"@id":"https:\/\/excursionscatalunya.com\/index.php\/ca\/nosaltres-guies-de-muntanya\/#breadcrumb"},"inLanguage":"es","potentialAction":[{"@type":"ReadAction","target":["https:\/\/excursionscatalunya.com\/index.php\/ca\/nosaltres-guies-de-muntanya\/"]}]},{"@type":"ImageObject","inLanguage":"es","@id":"https:\/\/excursionscatalunya.com\/index.php\/ca\/nosaltres-guies-de-muntanya\/#primaryimage","url":"https:\/\/excursionscatalunya.com\/wp-content\/uploads\/2020\/11\/inCollage_20201116_223640354.jpg","contentUrl":"https:\/\/excursionscatalunya.com\/wp-content\/uploads\/2020\/11\/inCollage_20201116_223640354.jpg","width":1920,"height":1920},{"@type":"BreadcrumbList","@id":"https:\/\/excursionscatalunya.com\/index.php\/ca\/nosaltres-guies-de-muntanya\/#breadcrumb","itemListElement":[{"@type":"ListItem","position":1,"name":"Portada","item":"https:\/\/excursionscatalunya.com\/"},{"@type":"ListItem","position":2,"name":"nosaltres"}]},{"@type":"WebSite","@id":"https:\/\/excursionscatalunya.com\/#website","url":"https:\/\/excursionscatalunya.com\/","name":"Excursions Catalunya","description":"Excursiones guiadas y tours en el medio natural","publisher":{"@id":"https:\/\/excursionscatalunya.com\/#organization"},"potentialAction":[{"@type":"SearchAction","target":{"@type":"EntryPoint","urlTemplate":"https:\/\/excursionscatalunya.com\/?s={search_term_string}"},"query-input":{"@type":"PropertyValueSpecification","valueRequired":true,"valueName":"search_term_string"}}],"inLanguage":"es"},{"@type":"Organization","@id":"https:\/\/excursionscatalunya.com\/#organization","name":"Excursions Catalunya","url":"https:\/\/excursionscatalunya.com\/","logo":{"@type":"ImageObject","inLanguage":"es","@id":"https:\/\/excursionscatalunya.com\/#\/schema\/logo\/image\/","url":"https:\/\/excursionscatalunya.com\/wp-content\/uploads\/2020\/04\/Original.png","contentUrl":"https:\/\/excursionscatalunya.com\/wp-content\/uploads\/2020\/04\/Original.png","width":7500,"height":7500,"caption":"Excursions Catalunya"},"image":{"@id":"https:\/\/excursionscatalunya.com\/#\/schema\/logo\/image\/"},"sameAs":["https:\/\/www.instagram.com\/excursionscatalunya.com\/"]}]}},"jetpack_sharing_enabled":true,"_links":{"self":[{"href":"https:\/\/excursionscatalunya.com\/index.php\/wp-json\/wp\/v2\/pages\/487","targetHints":{"allow":["GET"]}}],"collection":[{"href":"https:\/\/excursionscatalunya.com\/index.php\/wp-json\/wp\/v2\/pages"}],"about":[{"href":"https:\/\/excursionscatalunya.com\/index.php\/wp-json\/wp\/v2\/types\/page"}],"author":[{"embeddable":true,"href":"https:\/\/excursionscatalunya.com\/index.php\/wp-json\/wp\/v2\/users\/1"}],"replies":[{"embeddable":true,"href":"https:\/\/excursionscatalunya.com\/index.php\/wp-json\/wp\/v2\/comments?post=487"}],"version-history":[{"count":51,"href":"https:\/\/excursionscatalunya.com\/index.php\/wp-json\/wp\/v2\/pages\/487\/revisions"}],"predecessor-version":[{"id":2379,"href":"https:\/\/excursionscatalunya.com\/index.php\/wp-json\/wp\/v2\/pages\/487\/revisions\/2379"}],"wp:attachment":[{"href":"https:\/\/excursionscatalunya.com\/index.php\/wp-json\/wp\/v2\/media?parent=487"}],"curies":[{"name":"wp","href":"https:\/\/api.w.org\/{rel}","templated":true}]}}